omposite?
False
Is 630601 prime?
False
Is 56185709 prime?
False
Is 1740646 composite?
True
Is 25087187 composite?
True
Is 1224131 prime?
True
Is 12369719 a composite number?
False
Is 5138117 composite?
False
Is 1161991 a composite number?
False
Is 294972373 composite?
True
Is 426383 a composite number?
False
Is 130662079 composite?
True
Is 203424293 a prime number?
False
Is 44897109 composite?
True
Is 44574331 prime?
True
Is 10048837 a prime number?
False
Is 4725181 a composite number?
True
Is 3319457 a prime number?
False
Is 11411633 prime?
True
Is 46884337 composite?
False
Is 1430237 a prime number?
True
Is 5117851 composite?
False
Is 171166831 prime?
False
Is 355529 a composite number?
False
Is 413005 a prime number?
False
Is 13342763 a composite number?
True
Is 126253733 a prime number?
False
Is 3082021 a composite number?
False
Is 1728559 composite?
True
Is 34023013 a composite number?
True
Is 3085387 composite?
True
Is 1161371 prime?
True
Is 5599367 a composite number?
False
Is 1289201 prime?
False
Is 2466119 prime?
True
Is 18043031 composite?
True
Is 9118937 a composite number?
True
Is 125861981 composite?
True
Is 31512993 a composite number?
True
Is 951511 a prime number?
False
Is 52093579 composite?
True
Is 5851673 composite?
False
Is 177920903 composite?
False
Is 6225647 composite?
False
Is 3398387 prime?
False
Is 277711921 composite?
False
Is 11552113 a composite number?
False
Is 224808413 composite?
False
Is 235019483 a prime number?
True
Is 946079 a composite number?
False
Is 309010553 a composite number?
True
Is 7458637 prime?
False
Is 30577 composite?
False
Is 299670607 a prime number?
True
Is 7000649 a composite number?
True
Is 387473794 prime?
False
Is 56659 composite?
False
Is 65075539 composite?
True
Is 139572341 a prime number?
False
Is 35978738 a composite number?
True
Is 216230771 a composite number?
False
Is 3231401 prime?
True
Is 11732377 prime?
True
Is 10739569 prime?
True
Is 172173139 composite?
False
Is 221352823 composite?
False
Is 36327727 a prime number?
True
Is 1724095 composite?
True
Is 9639169 a prime number?
True
Is 15066553 prime?
True
Is 165026287 a composite number?
False
Is 33445387 a prime number?
False
Is 6656447 a prime number?
False
Is 183145013 prime?
True
Is 13189429 a prime number?
False
Is 5192927 a prime number?
True
Is 46846133 a composite number?
False
Is 324531133 a composite number?
False
Is 1247167 composite?
False
Is 17578227 prime?
False
Is 7721677 composite?
True
Is 24326191 prime?
False
Is 2382097 a composite number?
True
Is 2235941 prime?
True
Is 607331 a composite number?
False
Is 507369119 composite?
False
Is 28856879 a prime number?
True
Is 39588091 a composite number?
False
Is 19855219 composite?
False
Is 101597429 prime?
True
Is 620497 prime?
False
Is 722783 prime?
True
Is 3916799 a prime number?
True
Is 31051193 a prime number?
True
Is 89515427 prime?
False
Is 6566453 a prime number?
True
Is 27132163 prime?
True
Is 15556531 prime?
False
Is 386105351 a composite number?
False
Is 2334179 composite?
False
Is 985799 a prime number?
True
Is 21482159 a composite number?
False
Is 9467693 a composite number?
True
Is 1495853 prime?
True
Is 34917059 composite?
True
Is 2375557 prime?
True
Is 91168359 prime?
False
Is 3990003 a prime number?
False
Is 595613 prime?
True
Is 23149849 a prime number?
False
Is 191384383 prime?
False
Is 392659 composite?
True
Is 63348179 prime?
True
Is 3129001 prime?
False
Is 520259 a prime number?
False
Is 4513213 prime?
True
Is 16347587 a composite number?
True
Is 773600909 a composite number?
False
Is 7563277 prime?
True
Is 4291679 composite?
True
Is 3508187 prime?
False
Is 31401365 a prime number?
False
Is 105231419 prime?
True
Is 36772373 a prime number?
False
Is 4686571 a prime number?
True
Is 28016519 prime?
False
Is 1995709 composite?
False
Is 1014443 a composite number?
True
Is 23039041 a prime number?
True
Is 3970693 prime?
False
Is 1131281 a prime number?
False
Is 5104523 a prime number?
True
Is 32846141 a composite number?
False
Is 826435 composite?
True
Is 330389 a prime number?
True
Is 763519 composite?
True
Is 27022679 prime?
False
Is 121096229 prime?
True
Is 482659289 prime?
False
Is 663937 a composite number?
False
Is 506700437 a composite number?
True
Is 10353191 a composite number?
False
Is 329282123 a composite number?
False
Is 91879127 a composite number?
False
Is 138980791 composite?
True
Is 602232083 a prime number?
True
Is 112062187 a composite number?
True
Is 1412589 a prime number?
False
Is 1502749 a prime number?
False
Is 930815 a composite number?
True
Is 4543289 composite?
True
Is 173753711 prime?
False
Is 2894041 a prime number?
True
Is 140278279 composite?
False
Is 294527369 composite?
True
Is 27828121 prime?
True
Is 305035271 composite?
False
Is 104191007 composite?
False
Is 3824309 a prime number?
False
Is 193157959 composite?
False
Is 47234633 a composite number?
True
Is 12252327 prime?
False
Is 912906793 a composite number?
True
Is 57130561 a composite number?
True
Is 3177481 a composite number?
True
Is 58554841 composite?
False
Is 574381 composite?
True
Is 141397907 a composite number?
True
Is 2020019 prime?
True
Is 1932769 a prime number?
False
Is 26009 a prime number?
False
Is 2207701 composite?
True
Is 3970711 a prime number?
True
Is 480287 prime?
True
Is 1731799 a composite number?
True
Is 38637491 a composite number?
False
Is 13623149 a composite number?
False
Is 52202317 a composite number?
True
Is 1772809 a composite number?
False
Is 14220061 composite?
False
Is 2025083 a composite number?
True
Is 305306467 prime?
True
Is 24317 a composite number?
False
Is 6997967 composite?
False
Is 245165323 a composite number?
True
Is 66972071 prime?
False
Is 5906991 prime?
False
Is 799871847 composite?
True
Is 6978865 a prime number?
False
Is 8643287 a prime number?
True
Is 138189839 a prime number?
True
Is 103970717 a composite number?
True
Is 75417047 prime?
True
Is 4257866 prime?
False
Is 47129057 a composite number?
True
Is 1391513 a prime number?
False
Is 550111 prime?
True
Is 6580891 composite?
False
Is 98967439 composite?
True
Is 196532551 composite?
False
Is 658888453 a composite number?
False
Is 104399 prime?
True
Is 26904547 a prime number?
False
Is 11195759 prime?
True
Is 4051961 prime?
False
Is 379849621 composite?
True
Is 1528823 a composite number?
False
Is 633550829 prime?
True
Is 7536541 a prime number?
True
Is 2085425863 a prime number?
True
Is 70151509 prime?
True
Is 45764687 prime?
False
Is 10630877 a prime number?
False
Is 25146665 a composite number?
True
Is 264409 a prime number?
False
Is 1132393 prime?
True
Is 552967 composite?
True
Is 14438649 prime?
False
Is 6288367 a composite number?
True
Is 79732811 a prime number?
False
Is 4635403 a composite number?
False
Is 22079309 a prime number?
False
Is 12394147 a composite number?
True
Is 14545253 prime?
True
Is 458103617 a prime number?
True
Is 3294367 composite?
True
Is 460128835 a composite number?
True
Is 2424481 prime?
True
Is 1289341 a prime number?
True
Is 8497985 composite?
True
Is 851587 a composite number?
True
Is 717697 prime?
True
Is 9344629 composite?
True
Is 531882737 composite?
False
Is 8900763 a prime number?
False
Is 64615087 prime?
False
Is 4203443 prime?
False
Is 307453 a prime number?
False
Is 2453051 composite?
False
Is 66479057 a prime number?
False
Is 33497237 a prime number?
False
Is 2202391 composite?
False
Is 13502107 a composite number?
False
Is 57173279 prime?
True
Is 4841521 composite?
True
Is 14136635 prime?
False
Is 22361 prime?
False
Is 16554697 a composite number?
False
Is 466145 a composite number?
True
Is 5142227 prime?
True
Is 113747863 composite?
False
Is 279983 composite?
True
Is 273606943 a prime number?
False
Is 89722499 composite?
False
Is 32460083 prime?
True
Is 101628487 composite?
False
Is 95739871 a prime number?
True
Is 229919959 prime?
True
Is 341017 a composite number?
False
Is 2221477 a prime number?
False
Is 542999 composite?
False
Is 72303791 a composite number?
True
Is 4695809 a prime number?
True
Is 23712499 composite?
False
Is 2819129 a prime number?
False
Is 3301601 composite?
False
Is 185388641 a composite number?
True
Is 191716849 a composite number?
False
Is 7671999 a composite number?
True
Is 488711 prime?